{"id":105,"date":"2019-04-26T20:41:34","date_gmt":"2019-04-26T18:41:34","guid":{"rendered":"https:\/\/melusinecouture.com\/?page_id=105"},"modified":"2024-09-09T00:16:18","modified_gmt":"2024-09-08T22:16:18","slug":"realisations-expos","status":"publish","type":"page","link":"https:\/\/melusinecouture.com\/index.php\/realisations-expos\/","title":{"rendered":"Nos march\u00e9s d&rsquo;\u00e9t\u00e9"},"content":{"rendered":"\t\t<div data-elementor-type=\"wp-page\" data-elementor-id=\"105\" class=\"elementor elementor-105\">\n\t\t\t\t\t\t<section class=\"elementor-section elementor-top-section elementor-element elementor-element-6bda8af3 elementor-section-boxed elementor-section-height-default elementor-section-height-default\" data-id=\"6bda8af3\" data-element_type=\"section\" data-e-type=\"section\">\n\t\t\t\t\t\t<div class=\"elementor-container elementor-column-gap-default\">\n\t\t\t\t\t<div class=\"elementor-column elementor-col-100 elementor-top-column elementor-element elementor-element-6ba3b469\" data-id=\"6ba3b469\" data-element_type=\"column\" data-e-type=\"column\">\n\t\t\t<div class=\"elementor-widget-wrap elementor-element-populated\">\n\t\t\t\t\t\t<div class=\"elementor-element elementor-element-1a51efaa elementor-widget elementor-widget-text-editor\" data-id=\"1a51efaa\" data-element_type=\"widget\" data-e-type=\"widget\" data-widget_type=\"text-editor.default\">\n\t\t\t\t<div class=\"elementor-widget-container\">\n\t\t\t\t\t\t\t\t\t\n<p>Venez nous trouvez sur les march\u00e9s\u00a0 \u00e0 partir du 1er juillet jusqu&rsquo;au 31 ao\u00fbt.<\/p>\n<p>Le lundi \u00e0 Gerlesquin (Un joli march\u00e9 tr\u00e8s anim\u00e9 l&rsquo;\u00e9t\u00e9)<\/p>\n<p>Le mardi \u00e0 Plougasnou (March\u00e9 qui se situe sur la place de l&rsquo;\u00e9glise l&rsquo;hiver et qui descend vers la mairie et qui va au del\u00e0 de la mairie l&rsquo;\u00e9t\u00e9)<\/p>\n<p>Le mercredi \u00e0 Roscoff (March\u00e9 toute l&rsquo;ann\u00e9e sur parking\u00a0 et compl\u00e9mentaire en \u00e9t\u00e9 sur ce qu&rsquo;on appelle le cirque avec une vue sur le port de Roscoff)<\/p>\n<p>Le jeudi pour nous c&rsquo;est fabrication aux atelier \u00e0 Ploun\u00e9our-Trez<\/p>\n<p>Le vendredi \u00e0 Brignogan-Plages (March\u00e9 sur la place l&rsquo;hiver et l&rsquo;\u00e9t\u00e9, grand et beau march\u00e9 qui remonte dans la rue principale jusqu&rsquo;\u00e0 la mairie)<\/p>\n<p>Le samedi \u00e0 Plouescat (En hiver sous et autour des anciennes halles, l&rsquo;\u00e9t\u00e9 tout le centre ville)<\/p>\n<p>Le dimanche \u00e0 Kerfissien \u00e0 Cl\u00e9der (March\u00e9 d&rsquo;\u00e9t\u00e9 uniquement qui sent\u00a0 les vacances sur un parking qui \u00e0 une vue sur le port et la jet\u00e9e, possibilit\u00e9 de manger sur les tables en bord de mer avec les achats que vous faites sur le march\u00e9, ce march\u00e9 est notre pr\u00e9f\u00e9r\u00e9)\u00a0<\/p>\n\t\t\t\t\t\t\t\t<\/div>\n\t\t\t\t<\/div>\n\t\t\t\t\t<\/div>\n\t\t<\/div>\n\t\t\t\t\t<\/div>\n\t\t<\/section>\n\t\t\t\t<\/div>\n\t\t","protected":false},"excerpt":{"rendered":"<p>Venez nous trouvez sur les march\u00e9s\u00a0 \u00e0 partir du 1er juillet jusqu&rsquo;au 31 ao\u00fbt. Le lundi \u00e0 Gerlesquin (Un joli march\u00e9 tr\u00e8s anim\u00e9 l&rsquo;\u00e9t\u00e9) Le mardi \u00e0 Plougasnou (March\u00e9 qui se situe sur la place de l&rsquo;\u00e9glise l&rsquo;hiver et qui descend vers la mairie et qui va au del\u00e0 de la mairie l&rsquo;\u00e9t\u00e9) Le mercredi &hellip; <\/p>\n<p class=\"link-more\"><a href=\"https:\/\/melusinecouture.com\/index.php\/realisations-expos\/\" class=\"more-link\">Continuer la lecture<span class=\"screen-reader-text\"> de &laquo;&nbsp;Nos march\u00e9s d&rsquo;\u00e9t\u00e9&nbsp;&raquo;<\/span><\/a><\/p>\n","protected":false},"author":1,"featured_media":116,"parent":0,"menu_order":0,"comment_status":"closed","ping_status":"closed","template":"","meta":{"footnotes":""},"class_list":["post-105","page","type-page","status-publish","has-post-thumbnail","hentry"],"yoast_head":"<!-- This site is optimized with the Yoast SEO plugin v27.5 - https:\/\/yoast.com\/product\/yoast-seo-wordpress\/ -->\n<title>Nos march\u00e9s d&#039;\u00e9t\u00e9 - WWW.MELUSINECOUTURE.COM Ploun\u00e9our trez<\/title>\n<meta name=\"robots\" content=\"index, follow, max-snippet:-1, max-image-preview:large, max-video-preview:-1\" \/>\n<link rel=\"canonical\" href=\"https:\/\/melusinecouture.com\/index.php\/realisations-expos\/\" \/>\n<meta property=\"og:locale\" content=\"fr_FR\" \/>\n<meta property=\"og:type\" content=\"article\" \/>\n<meta property=\"og:title\" content=\"Nos march\u00e9s d&#039;\u00e9t\u00e9 - WWW.MELUSINECOUTURE.COM Ploun\u00e9our trez\" \/>\n<meta property=\"og:description\" content=\"Venez nous trouvez sur les march\u00e9s\u00a0 \u00e0 partir du 1er juillet jusqu&rsquo;au 31 ao\u00fbt. Le lundi \u00e0 Gerlesquin (Un joli march\u00e9 tr\u00e8s anim\u00e9 l&rsquo;\u00e9t\u00e9) Le mardi \u00e0 Plougasnou (March\u00e9 qui se situe sur la place de l&rsquo;\u00e9glise l&rsquo;hiver et qui descend vers la mairie et qui va au del\u00e0 de la mairie l&rsquo;\u00e9t\u00e9) Le mercredi &hellip; Continuer la lecture de &laquo;&nbsp;Nos march\u00e9s d&rsquo;\u00e9t\u00e9&nbsp;&raquo;\" \/>\n<meta property=\"og:url\" content=\"https:\/\/melusinecouture.com\/index.php\/realisations-expos\/\" \/>\n<meta property=\"og:site_name\" content=\"WWW.MELUSINECOUTURE.COM Ploun\u00e9our trez\" \/>\n<meta property=\"article:modified_time\" content=\"2024-09-08T22:16:18+00:00\" \/>\n<meta property=\"og:image\" content=\"https:\/\/melusinecouture.com\/wp-content\/uploads\/2019\/04\/t\u00e9l\u00e9phonne-cathy-vacances-109.jpeg\" \/>\n\t<meta property=\"og:image:width\" content=\"1216\" \/>\n\t<meta property=\"og:image:height\" content=\"912\" \/>\n\t<meta property=\"og:image:type\" content=\"image\/jpeg\" \/>\n<meta name=\"twitter:card\" content=\"summary_large_image\" \/>\n<meta name=\"twitter:label1\" content=\"Dur\u00e9e de lecture estim\u00e9e\" \/>\n\t<meta name=\"twitter:data1\" content=\"1 minute\" \/>\n<script type=\"application\/ld+json\" class=\"yoast-schema-graph\">{\"@context\":\"https:\\\/\\\/schema.org\",\"@graph\":[{\"@type\":\"WebPage\",\"@id\":\"https:\\\/\\\/melusinecouture.com\\\/index.php\\\/realisations-expos\\\/\",\"url\":\"https:\\\/\\\/melusinecouture.com\\\/index.php\\\/realisations-expos\\\/\",\"name\":\"Nos march\u00e9s d'\u00e9t\u00e9 - WWW.MELUSINECOUTURE.COM Ploun\u00e9our trez\",\"isPartOf\":{\"@id\":\"https:\\\/\\\/melusinecouture.com\\\/#website\"},\"primaryImageOfPage\":{\"@id\":\"https:\\\/\\\/melusinecouture.com\\\/index.php\\\/realisations-expos\\\/#primaryimage\"},\"image\":{\"@id\":\"https:\\\/\\\/melusinecouture.com\\\/index.php\\\/realisations-expos\\\/#primaryimage\"},\"thumbnailUrl\":\"https:\\\/\\\/melusinecouture.com\\\/wp-content\\\/uploads\\\/2019\\\/04\\\/t\u00e9l\u00e9phonne-cathy-vacances-109.jpeg\",\"datePublished\":\"2019-04-26T18:41:34+00:00\",\"dateModified\":\"2024-09-08T22:16:18+00:00\",\"breadcrumb\":{\"@id\":\"https:\\\/\\\/melusinecouture.com\\\/index.php\\\/realisations-expos\\\/#breadcrumb\"},\"inLanguage\":\"fr-FR\",\"potentialAction\":[{\"@type\":\"ReadAction\",\"target\":[\"https:\\\/\\\/melusinecouture.com\\\/index.php\\\/realisations-expos\\\/\"]}]},{\"@type\":\"ImageObject\",\"inLanguage\":\"fr-FR\",\"@id\":\"https:\\\/\\\/melusinecouture.com\\\/index.php\\\/realisations-expos\\\/#primaryimage\",\"url\":\"https:\\\/\\\/melusinecouture.com\\\/wp-content\\\/uploads\\\/2019\\\/04\\\/t\u00e9l\u00e9phonne-cathy-vacances-109.jpeg\",\"contentUrl\":\"https:\\\/\\\/melusinecouture.com\\\/wp-content\\\/uploads\\\/2019\\\/04\\\/t\u00e9l\u00e9phonne-cathy-vacances-109.jpeg\",\"width\":1216,\"height\":912},{\"@type\":\"BreadcrumbList\",\"@id\":\"https:\\\/\\\/melusinecouture.com\\\/index.php\\\/realisations-expos\\\/#breadcrumb\",\"itemListElement\":[{\"@type\":\"ListItem\",\"position\":1,\"name\":\"Accueil\",\"item\":\"https:\\\/\\\/melusinecouture.com\\\/\"},{\"@type\":\"ListItem\",\"position\":2,\"name\":\"Nos march\u00e9s d&#8217;\u00e9t\u00e9\"}]},{\"@type\":\"WebSite\",\"@id\":\"https:\\\/\\\/melusinecouture.com\\\/#website\",\"url\":\"https:\\\/\\\/melusinecouture.com\\\/\",\"name\":\"WWW.MELUSINECOUTURE.COM Ploun\u00e9our trez\",\"description\":\"M\u00e9lusine couture, tous travaux couture et si\u00e8ges , retouches broderies, linge de maison.\",\"potentialAction\":[{\"@type\":\"SearchAction\",\"target\":{\"@type\":\"EntryPoint\",\"urlTemplate\":\"https:\\\/\\\/melusinecouture.com\\\/?s={search_term_string}\"},\"query-input\":{\"@type\":\"PropertyValueSpecification\",\"valueRequired\":true,\"valueName\":\"search_term_string\"}}],\"inLanguage\":\"fr-FR\"}]}<\/script>\n<!-- \/ Yoast SEO plugin. -->","yoast_head_json":{"title":"Nos march\u00e9s d'\u00e9t\u00e9 - WWW.MELUSINECOUTURE.COM Ploun\u00e9our trez","robots":{"index":"index","follow":"follow","max-snippet":"max-snippet:-1","max-image-preview":"max-image-preview:large","max-video-preview":"max-video-preview:-1"},"canonical":"https:\/\/melusinecouture.com\/index.php\/realisations-expos\/","og_locale":"fr_FR","og_type":"article","og_title":"Nos march\u00e9s d'\u00e9t\u00e9 - WWW.MELUSINECOUTURE.COM Ploun\u00e9our trez","og_description":"Venez nous trouvez sur les march\u00e9s\u00a0 \u00e0 partir du 1er juillet jusqu&rsquo;au 31 ao\u00fbt. Le lundi \u00e0 Gerlesquin (Un joli march\u00e9 tr\u00e8s anim\u00e9 l&rsquo;\u00e9t\u00e9) Le mardi \u00e0 Plougasnou (March\u00e9 qui se situe sur la place de l&rsquo;\u00e9glise l&rsquo;hiver et qui descend vers la mairie et qui va au del\u00e0 de la mairie l&rsquo;\u00e9t\u00e9) Le mercredi &hellip; Continuer la lecture de &laquo;&nbsp;Nos march\u00e9s d&rsquo;\u00e9t\u00e9&nbsp;&raquo;","og_url":"https:\/\/melusinecouture.com\/index.php\/realisations-expos\/","og_site_name":"WWW.MELUSINECOUTURE.COM Ploun\u00e9our trez","article_modified_time":"2024-09-08T22:16:18+00:00","og_image":[{"width":1216,"height":912,"url":"https:\/\/melusinecouture.com\/wp-content\/uploads\/2019\/04\/t\u00e9l\u00e9phonne-cathy-vacances-109.jpeg","type":"image\/jpeg"}],"twitter_card":"summary_large_image","twitter_misc":{"Dur\u00e9e de lecture estim\u00e9e":"1 minute"},"schema":{"@context":"https:\/\/schema.org","@graph":[{"@type":"WebPage","@id":"https:\/\/melusinecouture.com\/index.php\/realisations-expos\/","url":"https:\/\/melusinecouture.com\/index.php\/realisations-expos\/","name":"Nos march\u00e9s d'\u00e9t\u00e9 - WWW.MELUSINECOUTURE.COM Ploun\u00e9our trez","isPartOf":{"@id":"https:\/\/melusinecouture.com\/#website"},"primaryImageOfPage":{"@id":"https:\/\/melusinecouture.com\/index.php\/realisations-expos\/#primaryimage"},"image":{"@id":"https:\/\/melusinecouture.com\/index.php\/realisations-expos\/#primaryimage"},"thumbnailUrl":"https:\/\/melusinecouture.com\/wp-content\/uploads\/2019\/04\/t\u00e9l\u00e9phonne-cathy-vacances-109.jpeg","datePublished":"2019-04-26T18:41:34+00:00","dateModified":"2024-09-08T22:16:18+00:00","breadcrumb":{"@id":"https:\/\/melusinecouture.com\/index.php\/realisations-expos\/#breadcrumb"},"inLanguage":"fr-FR","potentialAction":[{"@type":"ReadAction","target":["https:\/\/melusinecouture.com\/index.php\/realisations-expos\/"]}]},{"@type":"ImageObject","inLanguage":"fr-FR","@id":"https:\/\/melusinecouture.com\/index.php\/realisations-expos\/#primaryimage","url":"https:\/\/melusinecouture.com\/wp-content\/uploads\/2019\/04\/t\u00e9l\u00e9phonne-cathy-vacances-109.jpeg","contentUrl":"https:\/\/melusinecouture.com\/wp-content\/uploads\/2019\/04\/t\u00e9l\u00e9phonne-cathy-vacances-109.jpeg","width":1216,"height":912},{"@type":"BreadcrumbList","@id":"https:\/\/melusinecouture.com\/index.php\/realisations-expos\/#breadcrumb","itemListElement":[{"@type":"ListItem","position":1,"name":"Accueil","item":"https:\/\/melusinecouture.com\/"},{"@type":"ListItem","position":2,"name":"Nos march\u00e9s d&#8217;\u00e9t\u00e9"}]},{"@type":"WebSite","@id":"https:\/\/melusinecouture.com\/#website","url":"https:\/\/melusinecouture.com\/","name":"WWW.MELUSINECOUTURE.COM Ploun\u00e9our trez","description":"M\u00e9lusine couture, tous travaux couture et si\u00e8ges , retouches broderies, linge de maison.","potentialAction":[{"@type":"SearchAction","target":{"@type":"EntryPoint","urlTemplate":"https:\/\/melusinecouture.com\/?s={search_term_string}"},"query-input":{"@type":"PropertyValueSpecification","valueRequired":true,"valueName":"search_term_string"}}],"inLanguage":"fr-FR"}]}},"jetpack_sharing_enabled":true,"_links":{"self":[{"href":"https:\/\/melusinecouture.com\/index.php\/wp-json\/wp\/v2\/pages\/105","targetHints":{"allow":["GET"]}}],"collection":[{"href":"https:\/\/melusinecouture.com\/index.php\/wp-json\/wp\/v2\/pages"}],"about":[{"href":"https:\/\/melusinecouture.com\/index.php\/wp-json\/wp\/v2\/types\/page"}],"author":[{"embeddable":true,"href":"https:\/\/melusinecouture.com\/index.php\/wp-json\/wp\/v2\/users\/1"}],"replies":[{"embeddable":true,"href":"https:\/\/melusinecouture.com\/index.php\/wp-json\/wp\/v2\/comments?post=105"}],"version-history":[{"count":6,"href":"https:\/\/melusinecouture.com\/index.php\/wp-json\/wp\/v2\/pages\/105\/revisions"}],"predecessor-version":[{"id":16570,"href":"https:\/\/melusinecouture.com\/index.php\/wp-json\/wp\/v2\/pages\/105\/revisions\/16570"}],"wp:featuredmedia":[{"embeddable":true,"href":"https:\/\/melusinecouture.com\/index.php\/wp-json\/wp\/v2\/media\/116"}],"wp:attachment":[{"href":"https:\/\/melusinecouture.com\/index.php\/wp-json\/wp\/v2\/media?parent=105"}],"curies":[{"name":"wp","href":"https:\/\/api.w.org\/{rel}","templated":true}]}}

Nos marchés d&rsquo;été

<div data-elementor-type="wp-page" data-elementor-id="105" class="elementor elementor-105">
						<section class="elementor-section elementor-top-section elementor-element elementor-element-6bda8af3 elementor-section-boxed elementor-section-height-default elementor-section-height-default" data-id="6bda8af3" data-element_type="section" data-e-type="section">
						<div class="elementor-container elementor-column-gap-default">
					<div class="elementor-column elementor-col-100 elementor-top-column elementor-element elementor-element-6ba3b469" data-id="6ba3b469" data-element_type="column" data-e-type="column">
			<div class="elementor-widget-wrap elementor-element-populated">
						<div class="elementor-element elementor-element-1a51efaa elementor-widget elementor-widget-text-editor" data-id="1a51efaa" data-element_type="widget" data-e-type="widget" data-widget_type="text-editor.default">
				<div class="elementor-widget-container">
									
<p>Venez nous trouvez sur les marchés  à partir du 1er juillet jusqu&rsquo;au 31 août.</p>
<p>Le lundi à Gerlesquin (Un joli marché très animé l&rsquo;été)</p>
<p>Le mardi à Plougasnou (Marché qui se situe sur la place de l&rsquo;église l&rsquo;hiver et qui descend vers la mairie et qui va au delà de la mairie l&rsquo;été)</p>
<p>Le mercredi à Roscoff (Marché toute l&rsquo;année sur parking  et complémentaire en été sur ce qu&rsquo;on appelle le cirque avec une vue sur le port de Roscoff)</p>
<p>Le jeudi pour nous c&rsquo;est fabrication aux atelier à Plounéour-Trez</p>
<p>Le vendredi à Brignogan-Plages (Marché sur la place l&rsquo;hiver et l&rsquo;été, grand et beau marché qui remonte dans la rue principale jusqu&rsquo;à la mairie)</p>
<p>Le samedi à Plouescat (En hiver sous et autour des anciennes halles, l&rsquo;été tout le centre ville)</p>
<p>Le dimanche à Kerfissien à Cléder (Marché d&rsquo;été uniquement qui sent  les vacances sur un parking qui à une vue sur le port et la jetée, possibilité de manger sur les tables en bord de mer avec les achats que vous faites sur le marché, ce marché est notre préféré) </p>
								</div>
				</div>
					</div>
		</div>
					</div>
		</section>
				</div>

<p>Venez nous trouvez sur les marchés  à partir du 1er juillet jusqu&rsquo;au 31 août. Le lundi à Gerlesquin (Un joli marché très animé l&rsquo;été) Le mardi à Plougasnou (Marché qui se situe sur la place de l&rsquo;église l&rsquo;hiver et qui descend vers la mairie et qui va au delà de la mairie l&rsquo;été) Le mercredi &hellip; </p>
<p class="link-more"><a href="https://melusinecouture.com/index.php/realisations-expos/" class="more-link">Continuer la lecture<span class="screen-reader-text"> de &laquo;&nbsp;Nos marchés d&rsquo;été&nbsp;&raquo;</span></a></p>

<!-- This site is optimized with the Yoast SEO plugin v27.5 - https://yoast.com/product/yoast-seo-wordpress/ -->
<title>Nos marchés d&#039;été - WWW.MELUSINECOUTURE.COM Plounéour trez</title>
<meta name="robots" content="index, follow, max-snippet:-1, max-image-preview:large, max-video-preview:-1" />
<link rel="canonical" href="https://melusinecouture.com/index.php/realisations-expos/" />
<meta property="og:locale" content="fr_FR" />
<meta property="og:type" content="article" />
<meta property="og:title" content="Nos marchés d&#039;été - WWW.MELUSINECOUTURE.COM Plounéour trez" />
<meta property="og:description" content="Venez nous trouvez sur les marchés  à partir du 1er juillet jusqu&rsquo;au 31 août. Le lundi à Gerlesquin (Un joli marché très animé l&rsquo;été) Le mardi à Plougasnou (Marché qui se situe sur la place de l&rsquo;église l&rsquo;hiver et qui descend vers la mairie et qui va au delà de la mairie l&rsquo;été) Le mercredi &hellip; Continuer la lecture de &laquo;&nbsp;Nos marchés d&rsquo;été&nbsp;&raquo;" />
<meta property="og:url" content="https://melusinecouture.com/index.php/realisations-expos/" />
<meta property="og:site_name" content="WWW.MELUSINECOUTURE.COM Plounéour trez" />
<meta property="article:modified_time" content="2024-09-08T22:16:18+00:00" />
<meta property="og:image" content="https://melusinecouture.com/wp-content/uploads/2019/04/téléphonne-cathy-vacances-109.jpeg" />
	<meta property="og:image:width" content="1216" />
	<meta property="og:image:height" content="912" />
	<meta property="og:image:type" content="image/jpeg" />
<meta name="twitter:card" content="summary_large_image" />
<meta name="twitter:label1" content="Durée de lecture estimée" />
	<meta name="twitter:data1" content="1 minute" />
<script type="application/ld+json" class="yoast-schema-graph">{"@context":"https:\/\/schema.org","@graph":[{"@type":"WebPage","@id":"https:\/\/melusinecouture.com\/index.php\/realisations-expos\/","url":"https:\/\/melusinecouture.com\/index.php\/realisations-expos\/","name":"Nos marchés d'été - WWW.MELUSINECOUTURE.COM Plounéour trez","isPartOf":{"@id":"https:\/\/melusinecouture.com\/#website"},"primaryImageOfPage":{"@id":"https:\/\/melusinecouture.com\/index.php\/realisations-expos\/#primaryimage"},"image":{"@id":"https:\/\/melusinecouture.com\/index.php\/realisations-expos\/#primaryimage"},"thumbnailUrl":"https:\/\/melusinecouture.com\/wp-content\/uploads\/2019\/04\/téléphonne-cathy-vacances-109.jpeg","datePublished":"2019-04-26T18:41:34+00:00","dateModified":"2024-09-08T22:16:18+00:00","breadcrumb":{"@id":"https:\/\/melusinecouture.com\/index.php\/realisations-expos\/#breadcrumb"},"inLanguage":"fr-FR","potentialAction":[{"@type":"ReadAction","target":["https:\/\/melusinecouture.com\/index.php\/realisations-expos\/"]}]},{"@type":"ImageObject","inLanguage":"fr-FR","@id":"https:\/\/melusinecouture.com\/index.php\/realisations-expos\/#primaryimage","url":"https:\/\/melusinecouture.com\/wp-content\/uploads\/2019\/04\/téléphonne-cathy-vacances-109.jpeg","contentUrl":"https:\/\/melusinecouture.com\/wp-content\/uploads\/2019\/04\/téléphonne-cathy-vacances-109.jpeg","width":1216,"height":912},{"@type":"BreadcrumbList","@id":"https:\/\/melusinecouture.com\/index.php\/realisations-expos\/#breadcrumb","itemListElement":[{"@type":"ListItem","position":1,"name":"Accueil","item":"https:\/\/melusinecouture.com\/"},{"@type":"ListItem","position":2,"name":"Nos marchés d&#8217;été"}]},{"@type":"WebSite","@id":"https:\/\/melusinecouture.com\/#website","url":"https:\/\/melusinecouture.com\/","name":"WWW.MELUSINECOUTURE.COM Plounéour trez","description":"Mélusine couture, tous travaux couture et sièges , retouches broderies, linge de maison.","potentialAction":[{"@type":"SearchAction","target":{"@type":"EntryPoint","urlTemplate":"https:\/\/melusinecouture.com\/?s={search_term_string}"},"query-input":{"@type":"PropertyValueSpecification","valueRequired":true,"valueName":"search_term_string"}}],"inLanguage":"fr-FR"}]}</script>
<!-- / Yoast SEO plugin. -->

Nos marchés d'été - WWW.MELUSINECOUTURE.COM Plounéour trez

Venez nous trouvez sur les marchés  à partir du 1er juillet jusqu&rsquo;au 31 août. Le lundi à Gerlesquin (Un joli marché très animé l&rsquo;été) Le mardi à Plougasnou (Marché qui se situe sur la place de l&rsquo;église l&rsquo;hiver et qui descend vers la mairie et qui va au delà de la mairie l&rsquo;été) Le mercredi &hellip; Continuer la lecture de &laquo;&nbsp;Nos marchés d&rsquo;été&nbsp;&raquo;

WWW.MELUSINECOUTURE.COM Plounéour trez

https://melusinecouture.com/wp-content/uploads/2019/04/téléphonne-cathy-vacances-109.jpeg

Nos marchés d&#8217;été

Mélusine couture, tous travaux couture et sièges , retouches broderies, linge de maison.
